s -300 - -6?
-283
In base 7, what is 65441 + 13?
65454
In base 8, what is -456 + 1256?
600
In base 16, what is 9 - 4c2?
-4b9
In base 15, what is 2d - 104?
-c6
In base 15, what is 8c3 - 2b?
897
In base 5, what is 244303 + -3?
244300
In base 7, what is -3 - -60135?
60132
In base 14, what is 613 + -9d?
554
In base 11, what is -29 + 2aa6?
2a78
In base 11, what is -981 - 16?
-997
In base 7, what is -14 + 425155?
425141
In base 11, what is 31a553 + -5?
31a549
In base 8, what is 1640 + 22?
1662
In base 8, what is -146 + 3733?
3565
In base 11, what is 7 - -5774?
5780
In base 8, what is -57617 + 21?
-57576
In base 11, what is -4a89 + 8?
-4a81
In base 16, what is -cd2d + -44?
-cd71
In base 4, what is 1 + 3002130?
3002131
In base 7, what is 11113 + 56?
11202
In base 9, what is -457156 + -5?
-457162
In base 4, what is 3231333 - -320?
3232313
In base 14, what is -1 - -15660?
1565d
In base 4, what is 0 - -1231120?
1231120
In base 13, what is 14a8a + -55?
14a35
In base 11, what is 125 - 64a?
-525
In base 8, what is 1114 - 12?
1102
In base 6, what is 30 - 540045?
-540015
In base 13, what is 84c + 63?
8b2
In base 10, what is 6732 + 19?
6751
In base 7, what is 13213 + -46?
13134
In base 14, what is 6 - 4307?
-4301
In base 4, what is -122230 + 20?
-122210
In base 14, what is -4870 - 7b?
-490b
In base 10, what is -3 - -55060?
55057
In base 5, what is -3 - -114121?
114113
In base 4, what is 0 - -1101103002?
1101103002
In base 10, what is 289 + 290?
579
In base 10, what is 1250 - -246?
1496
In base 5, what is 14002323 - 10?
14002313
In base 6, what is -40411123 - 5?
-40411132
In base 15, what is 452 - 1884?
-1432
In base 8, what is -2431334 - 4?
-2431340
In base 12, what is 42 + -175?
-133
In base 8, what is -17 + -321?
-340
In base 10, what is -6869 + 53?
-6816
In base 9, what is -318 + 212?
-106
In base 12, what is -2 - -194a9?
194a7
In base 11, what is -413 - 6425?
-6838
In base 11, what is 53900 - 0?
53900
In base 3, what is 10 + -1120022210?
-1120022200
In base 4, what is -11 + -22122002?
-22122013
In base 16, what is -34b + 12?
-339
In base 7, what is -1320 + 5140?
3520
In base 15, what is a + d23d?
d248
In base 11, what is -6107 - 1?
-6108
In base 9, what is -1165 - -1871?
705
In base 2, what is 101111000001 + 110111110?
110101111111
In base 4, what is -2133231 + 3?
-2133222
In base 9, what is 34 - -6768?
6813
In base 7, what is 210 + 166041?
166251
In base 13, what is -56b9c - 0?
-56b9c
In base 3, what is -202201 - -1211?
-200220
In base 5, what is 4 + -4442003?
-4441444
In base 13, what is b76 - 5?
b71
In base 7, what is 123260116 + 2?
123260121
In base 2, what is 10001001011101101 + 10?
10001001011101111
In base 9, what is 1358 + 41?
1410
In base 11, what is -2 - -18505?
18503
In base 14, what is 0 - 662?
-662
In base 16, what is b95a9 + -5?
b95a4
In base 2, what is 1000001001 + 1011001011101?
1100001100110
In base 14, what is 8624b + -5?
86246
In base 6, what is 11015 + -22454?
-11435
In base 12, what is -232753 + 2?
-232751
In base 10, what is 1 - -46350?
46351
In base 10, what is 2 + 14348?
14350
In base 10, what is 15 - 7420?
-7405
In base 5, what is 242 + -2111311?
-2111014
In base 9, what is -75366 + 0?
-75366
In base 15, what is -a0e5b - 1?
-a0e5c
In base 5, what is -2001 - -323?
-1123
In base 5, what is 124 + 31020?
31144
In base 4, what is -21322002 + 133?
-21321203
In base 16, what is -ab + -10f?
-1ba
In base 3, what is -200122201 + 1220?
-200120211
In base 12, what is -295 - 4?
-299
In base 3, what is -1000 - -2020121?
2012121
In base 14, what is 2 + 99381?
99383
In base 9, what is -680 + -6?
-686
In base 6, what is 1230101 + 32?
1230133
In base 8, what is 12 + -1050?
-1036
In base 3, what is -1021000010102 - 12?
-1021000010121
In base 7, what is 2 - 1000016?
-1000014
In base 4, what is -132 + -20323?
-21121
In base 10, what is -3 - 30604?
-30607
In base 13, what is -5 + -53b46?
-53b4b
In base 10, what is 3 + -30882?
-30879
In base 8, what is 2424 + -1466?
736
In base 5, what is -22 - 12011?
-12033
In base 4, what is 11 - 12203232?
-12203221
In base 13, what is 675 + 150c?
1b84
In base 13, what is -534460 + -4?
-534464
In base 9, what is 1 + -24332?
-24331
In base 4, what is 23303223 + 12?
23303301
In base 16, what is 13ca - -4?
13ce
In base 9, what is 1010 + 444?
1454
In base 5, what is 24 + -313033?
-313004
In base 6, what is -4 + 21212?
21204
In base 12, what is -aa + 1a9?
bb
In base 16, what is 15fc + 7a?
1676
In base 7, what is -3 - -532662?
532656
In base 7, what is -43130 + -614?
-44044
In base 11, what is -3 + 76175?
76172
In base 8, what is -420 + 4?
-414
In base 7, what is -1014232 - 4?
-1014236
In base 15, what is -97d + 72?
-90b
In base 2, what is 110001011 + -1010101?
100110110
In base 9, what is -4 - -82218?
82214
In base 10, what is -37427 - -2?
-37425
In base 8, what is -116 - -25325?
25207
In base 9, what is 565 - -103?
668
In base 5, what is -10 - -10431220?
10431210
In base 9, what is -3057 + -14?
-3072
In base 11, what is 8 - a61?
-a54
In base 7, what is -141333 + 0?
-141333
In base 14, what is -6b8 - -b?
-6ab
In base 13, what is -66 - 24?
-8a
In base 2, what is 10001100010 - 1011110110?
101101100
In base 4, what is -2 - 121111332?
-121112000
In base 16, what is 0 + 46a3a?
46a3a
In base 13, what is -2 - 131c80?
-131c82
In base 12, what is -4517 + 3?
-4514
In base 16, what is c22 - -1b2?
dd4
In base 7, what is -6045 + -10451?
-16526
In base 10, what is -726 - -4775?
4049
In base 13, what is -271 - -19b?
-a3
In base 5, what is -2 - 104200202?
-104200204
In base 9, what is 13002 + 28?
13031
In base 2, what is 1011111010000 + -1000?
1011111001000
In base 11, what is 12a2 + a6?
1398
In base 14, what is 15 + -367a?
-3665
In base 5, what is -1 + 40304324?
40304323
In base 4, what is 30023211 - 0?
30023211
In base 12, what is 3 + 230b8a?
230b91
In base 12, what is 217 - 2305?
-20aa
In base 6, what is -325100 - -5?
-325051
In base 11, what is -20 + 444?
424
In base 2, what is -10000110 + -1000110000111?
-1001000001101
In base 9, what is 38036 - 1?
38035
In base 15, what is -2 + -179?
-17b
In base 12, what is -29a8a - 5?
-29a93
In base 7, what is -656 - 263?
-1252
In base 4, what is -1010022031 + -10?
-1010022101
In base 7, what is -4 + -231126?
-231133
In base 10, what is -4 - -7603?
7599
In base 3, what is -212 - 2211?
-10200
In base 11, what is -27a8 + 146?
-2662
In base 9, what is -48 - -141?
82
In base 9, what is 3 + 18216?
18220
In base 7, what is -10151 - 35?
-10216
In base 2, what is 10000000001010001 - 10?
10000000001001111
In base 7, what is 63031 - 4?
63024
In base 4, what is -10333 + 1112003?
1101010
In base 13, what is -363b0 + 0?
-363b0
In base 12, what is -3 + 10014?
10011
In base 10, what is 29166 - -4?
29170
In base 11, what is 1 - 8445?
-8444
In base 4, what is -100 - 10210?
-10310
In base 9, what is 321153 - 0?
321153
In base 4, what is 11 + 10121221333?
10121222010
In base 7, what is -261525 + -3?
-261531
In base 7, what is 1035132 - 0?
1035132
In base 5, what is -4 - -420421041?
420421032
In base 16, what is -25 - 1dd1?
-1df6
In base 6, what is -4031 + -1014?
-5045
In base 16, what is -2f + -d70?
-d9f
In base 9, what is -5 + -364?
-370
In base 13, what is 7a436 - 9?
7a42a
In base 4, what is -32300301 + 120?
-32300121
In base 3, what is -121 + 122210211?
122210020
In base 9, what is 1 + 221172?
221173
In base 13, what is 74 + -3cb?
-357
In base 5, what is 4 - -23240202?
23240211
In base 6, what is -21510 - -2?
-21504
In base 8, what is -7207 + -135?
-7344
In base 15, what is -1a781 + -4?
-1a785
In base 11, what is 15019 - 1?
15018
In base 10, what is 4260 - -1937?
6197
In base 7, what is 36 - 15646?
-15610
In base 7, what is 43132440 + 3?
43132443
In base 14, what is -91514 + -1?
-91515
In base 5, what is 3 + 14434110?
14434113
In base 6, what is -14 - 1322?
-1340
In base 14, what is -76 - -691?
619
In base 3, what is -1 + 122010001212?
122010001211
In base 10, what is 2722 + -8?
2714
In base 3, what is 12 - -212022122?
212022211
In base 11, what is 32 - -355?
387
In base 8, what is -145142 + -2?
-145144
In base 7, what is 0 + 2405441?
2405441
In base 6, what is -3 + 151210?
151203
In base 15, what is -206d2b - 4?
-206d30
In base 3, what is -12 - 122120121012?
-122120121101
In base 7, what is -146 + -561?
-104